t g be (-97)/(-3) + ((-16)/6)/(-4). Calculate the highest common divisor of 44 and g.
11
Suppose 0*d - 2 = -2*d. Let s = -8 - -9. What is the highest common factor of s and d?
1
Suppose r - 8 = b - 1, -5*b = r + 5. Suppose 0*q - 30 = -r*q. Let c = 27 - 24. What is the highest common divisor of c and q?
3
Suppose 33 - 173 = -5*y. What is the highest common divisor of y and 28?
28
Let y = 6 - 4. Suppose z - y = 8. Calculate the greatest common divisor of 90 and z.
10
Suppose 3 = -r + 1, 4*u + 2*r - 72 = 0. Let v be (20/6 + 3)*3. Calculate the highest common divisor of v and u.
19
Let b(p) = -2*p**3 + 2*p**2 + 4*p + 4. Let k be b(-3). Suppose 23*u = 26*u - 24. What is the highest common divisor of k and u?
8
Let k(m) = 10*m**2 + m + 1. Let h(t) = -2*t - 13. Let z be h(-6). Let n be k(z). What is the highest common divisor of n and 90?
10
Let c(k) = k**3 + 9*k**2 + 10*k - 16. Let w be c(-6). What is the highest common divisor of 32 and w?
32
Suppose -2*q + 5*q - 3 = 0. Calculate the highest common divisor of q and 11.
1
Let b(d) be the first derivative of 23*d**2 - d - 1. Let t be b(1). Calculate the highest common factor of t and 18.
9
Let w(i) = -8 - 13 + 7 + 2*i. Let m be 0/(-1) - 2 - -12. Let q be w(m). What is the highest common divisor of q and 12?
6
Let r(z) = 2*z**2 - 10*z - 9. Let b be r(-6). Suppose 12 = 4*m, -2*i = -3*m + 2*m - b. Calculate the highest common factor of i and 7.
7
Suppose 3*k - 20 = d, -k + d + 3 + 3 = 0. Suppose 4*b = -2*t + k*t - 144, 5*t + b - 139 = 0. Calculate the highest common divisor of 7 and t.
7
Suppose 13*x - 80 = -2. Suppose 0 = -2*t + 4*q + 38, -2*t + 2*q + 37 = t. Calculate the greatest common factor of x and t.
3
Suppose 0 = -2*x + x. Suppose 19*f - 20*f + 22 = x. Calculate the greatest common factor of f and 110.
22
Let g(j) = j**3 - 6*j**2 + j - 3. Let f be g(6). Let d be (2 - f)*24/(-2). What is the greatest common factor of 132 and d?
12
Suppose 3*q + 0*q = -6. Let k be -3*(1 - 3) + q. What is the greatest common factor of k and 8?
4
Suppose s + 2*s - 24 = 0. Calculate the greatest common factor of 12 and s.
4
Let w(o) = -o**2 - 23*o + 17. Let c be w(-14). Calculate the greatest common factor of c and 13.
13
Let a(n) = 48*n**3 - n. Let w be a(1). Suppose 3*q - w = -5*t, 0*t = -4*t - q + 32. What is the highest common factor of t and 49?
7
Let d be 9 + (-8)/(3 + -7). Calculate the greatest common factor of d and 33.
11
Suppose -x + y - 86 = -y, 3*x + 2*y + 266 = 0. Suppose -2*q - q = -429. Let v = q + x. What is the greatest common divisor of v and 11?
11
Suppose -150 = -5*a - 4*c, 2 = 4*c - 18. What is the highest common factor of 208 and a?
26
Suppose i - 142 = 3*i + r, 0 = -i - 4*r - 78. Let h be (i/(-4))/(1/2). Calculate the greatest common factor of h and 5.
5
Suppose 3*n = -5*h - 52 + 325, 3*n + h = 273. Calculate the greatest common factor of n and 13.
13
Suppose 5*n + 38 = -7. Let w be n/(-4)*24/9. Calculate the greatest common divisor of w and 6.
6
Let l(d) = -1 + 4 + d - d**2 + 1. Let b be l(0). Calculate the highest common divisor of b and 4.
4
Suppose 0*l + 5 = 5*q + l, -5*q + 35 = -5*l. Calculate the highest common divisor of q and 22.
2
Let i(t) = t**3 - 7*t**2 + 5*t - 8. Suppose -5*l - 4*s + 4 = -43, 2*l = 2*s + 8. Let r be i(l). Calculate the greatest common divisor of r and 108.
27
Suppose u + 4*u = 20. Suppose -5*b = 2*l + 15, b = -2*b - u*l - 9. Let z(n) = -4*n - 4. Let v be z(b). Calculate the greatest common divisor of v and 8.
8
Let y = -26 - -46. What is the greatest common factor of y and 5?
5
Let v = 7 + -5. Let k = 23 - 34. Let f = 13 + k. What is the greatest common factor of f and v?
2
Suppose -42 - 20 = -2*w. Calculate the greatest common factor of w and 62.
31
Let l(o) = o**2 + 6*o + 5. Let y be l(-5). Suppose 2*w + 3*d - 36 = 0, y = w - 0*w + 4*d - 28. Calculate the greatest common factor of w and 108.
12
Let p(z) be the first derivative of z**3/3 - 5*z + 2. Let v be p(-5). Calculate the highest common factor of 4 and v.
4
Let r = -267 + 384. What is the highest common divisor of r and 13?
13
Let s be 0 - 1*(-2 + -1). Let f(w) = -w + 33. Let z be 1/(-2) - 1/(-2). Let v be f(z). Calculate the highest common divisor of v and s.
3
Let x = -24 - -39. What is the highest common factor of 10 and x?
5
Suppose 10 = -5*r - 30. Let p be r/52 + 2578/26. Calculate the highest common factor of p and 9.
9
Suppose 21 + 19 = 5*t. Calculate the highest common divisor of 32 and t.
8
Let z(n) = n**2 + 8*n - 9. Let c be z(-11). Calculate the greatest common factor of 192 and c.
24
Suppose -5*p = 5*a - 10*p - 175, 0 = -5*a - 5*p + 225. What is the highest common factor of a and 30?
10
Let k(w) = -6*w - 11. Let z(m) = m + 1. Let a(j) = -2*k(j) - 18*z(j). Let v be a(-10). What is the greatest common divisor of v and 16?
16
Suppose -6 = -5*x + 19. Suppose x*k - 16 = 3*k. Let l be 436/18 + (-12)/54. What is the highest common divisor of l and k?
8
Let u be 4/6*(-4)/(-8)*15. Let s(q) = q**2 - 2*q. Let r be s(-5). Calculate the greatest common factor of u and r.
5
Suppose -f + 32 = 5*a + 2*f, 4*f - 24 = -4*a. Let q(i) = i**2 - 2*i + 1. Let p be q(8). Calculate the greatest common factor of a and p.
7
Let x = -104 - -110. Calculate the highest common factor of x and 21.
3
Suppose -8*q - 6 = -11*q. Calculate the greatest common divisor of q and 4.
2
Let a be (-2 - -4) + 3*(-120)/(-9). What is the greatest common factor of 28 and a?
14
Let f(y) = -y + 18. Let b be f(0). Suppose -1 - 5 = -3*v. What is the greatest common factor of v and b?
2
Let l(t) = -t**3 - 6*t**2 - 5*t - 5. Let n be l(-6). What is the highest common factor of n and 225?
25
Let g(m) = -52*m + 2. Let u be (-2)/(-8) - 7/(-4). Let l be g(u). Let t = 249 + l. Calculate the highest common divisor of t and 21.
21
Let z = -20 - -34. Calculate the greatest common divisor of z and 140.
14
Let u(z) = 3*z - 2. Let w(m) = m + 9. Let p be w(-7). Let j be u(p). Calculate the highest common factor of 4 and j.
4
Let l = -1 - -1. Suppose l = 2*i + 3*u - 20 - 88, -5*u - 124 = -3*i. Let s = 6 - -6. Calculate the highest common divisor of s and i.
12
Suppose 24*n = 20*n + 440. Suppose -11 + 61 = 5*l. Calculate the highest common divisor of l and n.
10
Let y(p) = -p**2 - 7*p - 1. Let t be (-280)/45 + 6/27. Let b be y(t). Calculate the greatest common factor of 40 and b.
5
Let b be (-8)/(-12)*(225/6 + -3). What is the greatest common divisor of b and 92?
23
Suppose -5*h + 2*z = z - 108, -75 = -4*h - 3*z. Suppose i + x + 3*x = h, x = 0. What is the highest common factor of 147 and i?
21
Let n = 0 + -4. Let b be -1*(n + 1/(-1)). Calculate the greatest common factor of 25 and b.
5
Suppose 14 + 8 = 2*b. Calculate the highest common divisor of 55 and b.
11
Let y(m) = m**3 - 18*m**2 - 18*m + 23. Let a be y(19). Calculate the greatest common factor of 336 and a.
42
Suppose -9 - 7 = -2*f. What is the greatest common factor of 20 and f?
4
Suppose 0 = -7*x - 7 + 161. Let j(v) = -40*v - 2. Let p be j(-5). What is the highest common divisor of x and p?
22
Let g be (-10)/(-25) + (-166)/(-10). What is the greatest common factor of g and 85?
17
Let b = 7 + -4. Suppose -4*q + q = b, q - 11 = -2*n. What is the greatest common factor of n and 9?
3
Let b(k) = 5*k - 6. Let d be b(6). Let n = 42 - d. Calculate the greatest common divisor of 36 and n.
18
Suppose -u + 10 - 1 = 0. Suppose x + 5*s = 47, 4*x + 4*s = 90 + 34. Calculate the highest common divisor of x and u.
9
Suppose -3*c = -3*d - 21, 5*c - 19 = -0*c + d. Suppose p - 3 = -4, 0 = c*w - 2*p - 218. Let b = -62 - -70. Calculate the greatest common divisor of b and w.
8
Let h be 4/10 - (-112)/20. Calculate the highest common divisor of 6 and h.
6
Suppose 0 = -0*q + q - 4*i, -4*i = 3*q - 16. Let j(l) = l**3 - 3*l**2 - 5*l + 5. Let d be j(q). What is the highest common factor of 11 and d?
1
Let w(c) = -c**3 - 8*c**2 + 7*c - 8. Let v be w(-9). Let j = -2 - v. Let x = j - -47. What is the greatest common divisor of x and 5?
5
Suppose 0 = -4*v - 2 + 6. Suppose -x - 3*s = -7, 3*s = 3 - 0. Suppose -j = x*w - 22, -2*j = -0*j - 4. Calculate the highest common divisor of v and w.
1
Suppose -271 = -3*z + 5*y + 44, 0 = 2*y + 6. Let m = 9 + 31. What is the greatest common divisor of m and z?
20
Let o be 92/6 - (-4)/6. Suppose 0